{"id":245871,"date":"2025-06-06T13:04:15","date_gmt":"2025-06-06T13:04:15","guid":{"rendered":"https:\/\/lagranpantallafestival.com\/?page_id=245871"},"modified":"2025-06-16T11:33:14","modified_gmt":"2025-06-16T11:33:14","slug":"la-gran-pantalla-festival-internacional-de-cinema-de-la-gent-gran-de-barcelona-2024","status":"publish","type":"page","link":"https:\/\/lagranpantallafestival.com\/ca\/la-gran-pantalla-festival-internacional-de-cinema-de-la-gent-gran-de-barcelona-2024\/","title":{"rendered":"La GRAN pantalla &#8211; Festival Internacional de Cinema de la Gent Gran de Barcelona (2024)"},"content":{"rendered":"","protected":false},"excerpt":{"rendered":"","protected":false},"author":14,"featured_media":0,"parent":0,"menu_order":0,"comment_status":"closed","ping_status":"closed","template":"","meta":{"_et_pb_use_builder":"on","_et_pb_old_content":"","_et_gb_content_width":"","cybocfi_hide_featured_image":"","footnotes":""},"class_list":["post-245871","page","type-page","status-publish","hentry"],"yoast_head":"<!-- This site is optimized with the Yoast SEO plugin v26.7 - https:\/\/yoast.com\/wordpress\/plugins\/seo\/ -->\n<title>La GRAN pantalla - Festival Internacional de Cinema de la Gent Gran de Barcelona (2024) &#183;<\/title>\n<meta name=\"robots\" content=\"index, follow, max-snippet:-1, max-image-preview:large, max-video-preview:-1\" \/>\n<link rel=\"canonical\" href=\"https:\/\/lagranpantallafestival.com\/ca\/la-gran-pantalla-festival-internacional-de-cinema-de-la-gent-gran-de-barcelona-2024\/\" \/>\n<meta property=\"og:locale\" content=\"ca_ES\" \/>\n<meta property=\"og:type\" content=\"article\" \/>\n<meta property=\"og:title\" content=\"La GRAN pantalla - Festival Internacional de Cinema de la Gent Gran de Barcelona (2024) &#183;\" \/>\n<meta property=\"og:url\" content=\"https:\/\/lagranpantallafestival.com\/ca\/la-gran-pantalla-festival-internacional-de-cinema-de-la-gent-gran-de-barcelona-2024\/\" \/>\n<meta property=\"og:site_name\" content=\"Festival Internacional de Cinema de les Persones Grans de Barcelona: La Gran Pantalla\" \/>\n<meta property=\"article:publisher\" content=\"https:\/\/www.facebook.com\/lagranpantallabcn\/\" \/>\n<meta property=\"article:modified_time\" content=\"2025-06-16T11:33:14+00:00\" \/>\n<meta property=\"og:image\" content=\"https:\/\/lagranpantallafestival.com\/wp-content\/uploads\/2020\/05\/Sala-Gran-Pantalla-2019-1024x683.jpg\" \/>\n\t<meta property=\"og:image:width\" content=\"1024\" \/>\n\t<meta property=\"og:image:height\" content=\"683\" \/>\n\t<meta property=\"og:image:type\" content=\"image\/jpeg\" \/>\n<meta name=\"twitter:card\" content=\"summary_large_image\" \/>\n<meta name=\"twitter:site\" content=\"@granpantallabcn\" \/>\n<meta name=\"twitter:label1\" content=\"Temps estimat de lectura\" \/>\n\t<meta name=\"twitter:data1\" content=\"10 minuts\" \/>\n<script type=\"application\/ld+json\" class=\"yoast-schema-graph\">{\"@context\":\"https:\/\/schema.org\",\"@graph\":[{\"@type\":\"WebPage\",\"@id\":\"https:\/\/lagranpantallafestival.com\/ca\/la-gran-pantalla-festival-internacional-de-cinema-de-la-gent-gran-de-barcelona-2024\/\",\"url\":\"https:\/\/lagranpantallafestival.com\/ca\/la-gran-pantalla-festival-internacional-de-cinema-de-la-gent-gran-de-barcelona-2024\/\",\"name\":\"La GRAN pantalla - Festival Internacional de Cinema de la Gent Gran de Barcelona (2024) &#183;\",\"isPartOf\":{\"@id\":\"https:\/\/lagranpantallafestival.com\/ca\/#website\"},\"datePublished\":\"2025-06-06T13:04:15+00:00\",\"dateModified\":\"2025-06-16T11:33:14+00:00\",\"breadcrumb\":{\"@id\":\"https:\/\/lagranpantallafestival.com\/ca\/la-gran-pantalla-festival-internacional-de-cinema-de-la-gent-gran-de-barcelona-2024\/#breadcrumb\"},\"inLanguage\":\"ca\",\"potentialAction\":[{\"@type\":\"ReadAction\",\"target\":[\"https:\/\/lagranpantallafestival.com\/ca\/la-gran-pantalla-festival-internacional-de-cinema-de-la-gent-gran-de-barcelona-2024\/\"]}]},{\"@type\":\"BreadcrumbList\",\"@id\":\"https:\/\/lagranpantallafestival.com\/ca\/la-gran-pantalla-festival-internacional-de-cinema-de-la-gent-gran-de-barcelona-2024\/#breadcrumb\",\"itemListElement\":[{\"@type\":\"ListItem\",\"position\":1,\"name\":\"Portada\",\"item\":\"https:\/\/lagranpantallafestival.com\/ca\/\"},{\"@type\":\"ListItem\",\"position\":2,\"name\":\"La GRAN pantalla &#8211; Festival Internacional de Cinema de la Gent Gran de Barcelona (2024)\"}]},{\"@type\":\"WebSite\",\"@id\":\"https:\/\/lagranpantallafestival.com\/ca\/#website\",\"url\":\"https:\/\/lagranpantallafestival.com\/ca\/\",\"name\":\"Festival Internacional de Cinema de les Persones Grans de Barcelona: La Gran Pantalla\",\"description\":\"El Festival Internacional de Cine de las personas mayores La gran pantalla! es el primer espacio en Barcelona dedicado al encuentro cinematogr\u00e1fico intergeneracional. Proyectamos pel\u00edculas y cortometrajes que aborden nuevas miradas sobre el hecho de ser mayor. Nuestro objetivo es desmontar los estereotipos que existen en la sociedad y promover el envejecimiento activo, a trav\u00e9s de la reflexi\u00f3n y el debate que inspira el s\u00e9ptimo arte.\",\"publisher\":{\"@id\":\"https:\/\/lagranpantallafestival.com\/ca\/#organization\"},\"potentialAction\":[{\"@type\":\"SearchAction\",\"target\":{\"@type\":\"EntryPoint\",\"urlTemplate\":\"https:\/\/lagranpantallafestival.com\/ca\/?s={search_term_string}\"},\"query-input\":{\"@type\":\"PropertyValueSpecification\",\"valueRequired\":true,\"valueName\":\"search_term_string\"}}],\"inLanguage\":\"ca\"},{\"@type\":\"Organization\",\"@id\":\"https:\/\/lagranpantallafestival.com\/ca\/#organization\",\"name\":\"[wpseo_titles]company_nombre\",\"url\":\"https:\/\/lagranpantallafestival.com\/ca\/\",\"logo\":{\"@type\":\"ImageObject\",\"inLanguage\":\"ca\",\"@id\":\"https:\/\/lagranpantallafestival.com\/ca\/#\/schema\/logo\/image\/\",\"url\":\"https:\/\/i0.wp.com\/lagranpantallafestival.com\/wp-content\/uploads\/2020\/05\/Logo_web_LaGranPantalla.png?fit=901%2C301&ssl=1\",\"contentUrl\":\"https:\/\/i0.wp.com\/lagranpantallafestival.com\/wp-content\/uploads\/2020\/05\/Logo_web_LaGranPantalla.png?fit=901%2C301&ssl=1\",\"width\":901,\"height\":301,\"caption\":\"[wpseo_titles]company_nombre\"},\"image\":{\"@id\":\"https:\/\/lagranpantallafestival.com\/ca\/#\/schema\/logo\/image\/\"},\"sameAs\":[\"https:\/\/www.facebook.com\/lagranpantallabcn\/\",\"https:\/\/x.com\/granpantallabcn\",\"https:\/\/www.instagram.com\/lagranpantallabcn\/\",\"https:\/\/www.youtube.com\/user\/colectivoelparlante\"]}]}<\/script>\n<!-- \/ Yoast SEO plugin. -->","yoast_head_json":{"title":"La GRAN pantalla - Festival Internacional de Cinema de la Gent Gran de Barcelona (2024) &#183;","robots":{"index":"index","follow":"follow","max-snippet":"max-snippet:-1","max-image-preview":"max-image-preview:large","max-video-preview":"max-video-preview:-1"},"canonical":"https:\/\/lagranpantallafestival.com\/ca\/la-gran-pantalla-festival-internacional-de-cinema-de-la-gent-gran-de-barcelona-2024\/","og_locale":"ca_ES","og_type":"article","og_title":"La GRAN pantalla - Festival Internacional de Cinema de la Gent Gran de Barcelona (2024) &#183;","og_url":"https:\/\/lagranpantallafestival.com\/ca\/la-gran-pantalla-festival-internacional-de-cinema-de-la-gent-gran-de-barcelona-2024\/","og_site_name":"Festival Internacional de Cinema de les Persones Grans de Barcelona: La Gran Pantalla","article_publisher":"https:\/\/www.facebook.com\/lagranpantallabcn\/","article_modified_time":"2025-06-16T11:33:14+00:00","og_image":[{"width":1024,"height":683,"url":"https:\/\/lagranpantallafestival.com\/wp-content\/uploads\/2020\/05\/Sala-Gran-Pantalla-2019-1024x683.jpg","type":"image\/jpeg"}],"twitter_card":"summary_large_image","twitter_site":"@granpantallabcn","twitter_misc":{"Temps estimat de lectura":"10 minuts"},"schema":{"@context":"https:\/\/schema.org","@graph":[{"@type":"WebPage","@id":"https:\/\/lagranpantallafestival.com\/ca\/la-gran-pantalla-festival-internacional-de-cinema-de-la-gent-gran-de-barcelona-2024\/","url":"https:\/\/lagranpantallafestival.com\/ca\/la-gran-pantalla-festival-internacional-de-cinema-de-la-gent-gran-de-barcelona-2024\/","name":"La GRAN pantalla - Festival Internacional de Cinema de la Gent Gran de Barcelona (2024) &#183;","isPartOf":{"@id":"https:\/\/lagranpantallafestival.com\/ca\/#website"},"datePublished":"2025-06-06T13:04:15+00:00","dateModified":"2025-06-16T11:33:14+00:00","breadcrumb":{"@id":"https:\/\/lagranpantallafestival.com\/ca\/la-gran-pantalla-festival-internacional-de-cinema-de-la-gent-gran-de-barcelona-2024\/#breadcrumb"},"inLanguage":"ca","potentialAction":[{"@type":"ReadAction","target":["https:\/\/lagranpantallafestival.com\/ca\/la-gran-pantalla-festival-internacional-de-cinema-de-la-gent-gran-de-barcelona-2024\/"]}]},{"@type":"BreadcrumbList","@id":"https:\/\/lagranpantallafestival.com\/ca\/la-gran-pantalla-festival-internacional-de-cinema-de-la-gent-gran-de-barcelona-2024\/#breadcrumb","itemListElement":[{"@type":"ListItem","position":1,"name":"Portada","item":"https:\/\/lagranpantallafestival.com\/ca\/"},{"@type":"ListItem","position":2,"name":"La GRAN pantalla &#8211; Festival Internacional de Cinema de la Gent Gran de Barcelona (2024)"}]},{"@type":"WebSite","@id":"https:\/\/lagranpantallafestival.com\/ca\/#website","url":"https:\/\/lagranpantallafestival.com\/ca\/","name":"Festival Internacional de Cinema de les Persones Grans de Barcelona: La Gran Pantalla","description":"El Festival Internacional de Cine de las personas mayores La gran pantalla! es el primer espacio en Barcelona dedicado al encuentro cinematogr\u00e1fico intergeneracional. Proyectamos pel\u00edculas y cortometrajes que aborden nuevas miradas sobre el hecho de ser mayor. Nuestro objetivo es desmontar los estereotipos que existen en la sociedad y promover el envejecimiento activo, a trav\u00e9s de la reflexi\u00f3n y el debate que inspira el s\u00e9ptimo arte.","publisher":{"@id":"https:\/\/lagranpantallafestival.com\/ca\/#organization"},"potentialAction":[{"@type":"SearchAction","target":{"@type":"EntryPoint","urlTemplate":"https:\/\/lagranpantallafestival.com\/ca\/?s={search_term_string}"},"query-input":{"@type":"PropertyValueSpecification","valueRequired":true,"valueName":"search_term_string"}}],"inLanguage":"ca"},{"@type":"Organization","@id":"https:\/\/lagranpantallafestival.com\/ca\/#organization","name":"[wpseo_titles]company_nombre","url":"https:\/\/lagranpantallafestival.com\/ca\/","logo":{"@type":"ImageObject","inLanguage":"ca","@id":"https:\/\/lagranpantallafestival.com\/ca\/#\/schema\/logo\/image\/","url":"https:\/\/i0.wp.com\/lagranpantallafestival.com\/wp-content\/uploads\/2020\/05\/Logo_web_LaGranPantalla.png?fit=901%2C301&ssl=1","contentUrl":"https:\/\/i0.wp.com\/lagranpantallafestival.com\/wp-content\/uploads\/2020\/05\/Logo_web_LaGranPantalla.png?fit=901%2C301&ssl=1","width":901,"height":301,"caption":"[wpseo_titles]company_nombre"},"image":{"@id":"https:\/\/lagranpantallafestival.com\/ca\/#\/schema\/logo\/image\/"},"sameAs":["https:\/\/www.facebook.com\/lagranpantallabcn\/","https:\/\/x.com\/granpantallabcn","https:\/\/www.instagram.com\/lagranpantallabcn\/","https:\/\/www.youtube.com\/user\/colectivoelparlante"]}]}},"_links":{"self":[{"href":"https:\/\/lagranpantallafestival.com\/ca\/wp-json\/wp\/v2\/pages\/245871","targetHints":{"allow":["GET"]}}],"collection":[{"href":"https:\/\/lagranpantallafestival.com\/ca\/wp-json\/wp\/v2\/pages"}],"about":[{"href":"https:\/\/lagranpantallafestival.com\/ca\/wp-json\/wp\/v2\/types\/page"}],"author":[{"embeddable":true,"href":"https:\/\/lagranpantallafestival.com\/ca\/wp-json\/wp\/v2\/users\/14"}],"replies":[{"embeddable":true,"href":"https:\/\/lagranpantallafestival.com\/ca\/wp-json\/wp\/v2\/comments?post=245871"}],"version-history":[{"count":5,"href":"https:\/\/lagranpantallafestival.com\/ca\/wp-json\/wp\/v2\/pages\/245871\/revisions"}],"predecessor-version":[{"id":246290,"href":"https:\/\/lagranpantallafestival.com\/ca\/wp-json\/wp\/v2\/pages\/245871\/revisions\/246290"}],"wp:attachment":[{"href":"https:\/\/lagranpantallafestival.com\/ca\/wp-json\/wp\/v2\/media?parent=245871"}],"curies":[{"name":"wp","href":"https:\/\/api.w.org\/{rel}","templated":true}]}}

<!-- This site is optimized with the Yoast SEO plugin v26.7 - https://yoast.com/wordpress/plugins/seo/ -->
<title>La GRAN pantalla - Festival Internacional de Cinema de la Gent Gran de Barcelona (2024) &#183;</title>
<meta name="robots" content="index, follow, max-snippet:-1, max-image-preview:large, max-video-preview:-1" />
<link rel="canonical" href="https://lagranpantallafestival.com/ca/la-gran-pantalla-festival-internacional-de-cinema-de-la-gent-gran-de-barcelona-2024/" />
<meta property="og:locale" content="ca_ES" />
<meta property="og:type" content="article" />
<meta property="og:title" content="La GRAN pantalla - Festival Internacional de Cinema de la Gent Gran de Barcelona (2024) &#183;" />
<meta property="og:url" content="https://lagranpantallafestival.com/ca/la-gran-pantalla-festival-internacional-de-cinema-de-la-gent-gran-de-barcelona-2024/" />
<meta property="og:site_name" content="Festival Internacional de Cinema de les Persones Grans de Barcelona: La Gran Pantalla" />
<meta property="article:publisher" content="https://www.facebook.com/lagranpantallabcn/" />
<meta property="article:modified_time" content="2025-06-16T11:33:14+00:00" />
<meta property="og:image" content="https://lagranpantallafestival.com/wp-content/uploads/2020/05/Sala-Gran-Pantalla-2019-1024x683.jpg" />
	<meta property="og:image:width" content="1024" />
	<meta property="og:image:height" content="683" />
	<meta property="og:image:type" content="image/jpeg" />
<meta name="twitter:card" content="summary_large_image" />
<meta name="twitter:site" content="@granpantallabcn" />
<meta name="twitter:label1" content="Temps estimat de lectura" />
	<meta name="twitter:data1" content="10 minuts" />
<script type="application/ld+json" class="yoast-schema-graph">{"@context":"https://schema.org","@graph":[{"@type":"WebPage","@id":"https://lagranpantallafestival.com/ca/la-gran-pantalla-festival-internacional-de-cinema-de-la-gent-gran-de-barcelona-2024/","url":"https://lagranpantallafestival.com/ca/la-gran-pantalla-festival-internacional-de-cinema-de-la-gent-gran-de-barcelona-2024/","name":"La GRAN pantalla - Festival Internacional de Cinema de la Gent Gran de Barcelona (2024) &#183;","isPartOf":{"@id":"https://lagranpantallafestival.com/ca/#website"},"datePublished":"2025-06-06T13:04:15+00:00","dateModified":"2025-06-16T11:33:14+00:00","breadcrumb":{"@id":"https://lagranpantallafestival.com/ca/la-gran-pantalla-festival-internacional-de-cinema-de-la-gent-gran-de-barcelona-2024/#breadcrumb"},"inLanguage":"ca","potentialAction":[{"@type":"ReadAction","target":["https://lagranpantallafestival.com/ca/la-gran-pantalla-festival-internacional-de-cinema-de-la-gent-gran-de-barcelona-2024/"]}]},{"@type":"BreadcrumbList","@id":"https://lagranpantallafestival.com/ca/la-gran-pantalla-festival-internacional-de-cinema-de-la-gent-gran-de-barcelona-2024/#breadcrumb","itemListElement":[{"@type":"ListItem","position":1,"name":"Portada","item":"https://lagranpantallafestival.com/ca/"},{"@type":"ListItem","position":2,"name":"La GRAN pantalla &#8211; Festival Internacional de Cinema de la Gent Gran de Barcelona (2024)"}]},{"@type":"WebSite","@id":"https://lagranpantallafestival.com/ca/#website","url":"https://lagranpantallafestival.com/ca/","name":"Festival Internacional de Cinema de les Persones Grans de Barcelona: La Gran Pantalla","description":"El Festival Internacional de Cine de las personas mayores La gran pantalla! es el primer espacio en Barcelona dedicado al encuentro cinematográfico intergeneracional. Proyectamos películas y cortometrajes que aborden nuevas miradas sobre el hecho de ser mayor. Nuestro objetivo es desmontar los estereotipos que existen en la sociedad y promover el envejecimiento activo, a través de la reflexión y el debate que inspira el séptimo arte.","publisher":{"@id":"https://lagranpantallafestival.com/ca/#organization"},"potentialAction":[{"@type":"SearchAction","target":{"@type":"EntryPoint","urlTemplate":"https://lagranpantallafestival.com/ca/?s={search_term_string}"},"query-input":{"@type":"PropertyValueSpecification","valueRequired":true,"valueName":"search_term_string"}}],"inLanguage":"ca"},{"@type":"Organization","@id":"https://lagranpantallafestival.com/ca/#organization","name":"[wpseo_titles]company_nombre","url":"https://lagranpantallafestival.com/ca/","logo":{"@type":"ImageObject","inLanguage":"ca","@id":"https://lagranpantallafestival.com/ca/#/schema/logo/image/","url":"https://i0.wp.com/lagranpantallafestival.com/wp-content/uploads/2020/05/Logo_web_LaGranPantalla.png?fit=901%2C301&ssl=1","contentUrl":"https://i0.wp.com/lagranpantallafestival.com/wp-content/uploads/2020/05/Logo_web_LaGranPantalla.png?fit=901%2C301&ssl=1","width":901,"height":301,"caption":"[wpseo_titles]company_nombre"},"image":{"@id":"https://lagranpantallafestival.com/ca/#/schema/logo/image/"},"sameAs":["https://www.facebook.com/lagranpantallabcn/","https://x.com/granpantallabcn","https://www.instagram.com/lagranpantallabcn/","https://www.youtube.com/user/colectivoelparlante"]}]}</script>
<!-- / Yoast SEO plugin. -->

El Festival Internacional de Cine de las personas mayores La gran pantalla! es el primer espacio en Barcelona dedicado al encuentro cinematográfico intergeneracional. Proyectamos películas y cortometrajes que aborden nuevas miradas sobre el hecho de ser mayor. Nuestro objetivo es desmontar los estereotipos que existen en la sociedad y promover el envejecimiento activo, a través de la reflexión y el debate que inspira el séptimo arte.
